+ 2*s - 14 = n, 0 = -3*l - 5*s + 23 + 16. What are the prime factors of l?
2
Suppose -z - 1 = -26. What are the prime factors of z?
5
Let l = -16 - -11. Let s = l + 22. List the prime factors of s.
17
Let h(d) = d**3 + 5*d**2 + 3. Let y be h(-5). What are the prime factors of (-1)/y - (-26)/6?
2
Let p(w) = w**2 - 4*w - 10. List the prime factors of p(12).
2, 43
Suppose 8 = 2*u - 4*c, 3*u - 19 = 2*u + 5*c. Let x be (4/(-2))/(u/9). Suppose 3*a - 53 = 5*j, 4*j = x*a - 0*j - 52. List the prime factors of a.
2
Let f(t) = 8*t**2 - 17*t. Let l(o) = -7*o**2 + 16*o + 1. Let p(j) = 6*f(j) + 7*l(j). Suppose 2*n = -12 + 32. What are the prime factors of p(n)?
7
Suppose c + 175 = -4*u, 3*u - 5*c = -u - 205. What are the prime factors of 120/u*9/(-2)?
2, 3
Let q(j) = 7*j**3 - 2*j**2 - 3*j - 4. List the prime factors of q(3).
2, 79
List the prime factors of ((-10)/20)/((-3)/114).
19
Let y be 2/(-5)*(-29 + -1). Suppose i - y = -2*i. Suppose i*b + 0 - 25 = 3*q, 15 = 3*q. List the prime factors of b.
2, 5
Let x(n) = 77*n + 1. Let s be x(1). Let m = -45 + s. What are the prime factors of m?
3, 11
Let m = 3 + -1. Let u(v) = 15*v**3 + 4*v + 2*v**m - 7*v + 2*v. List the prime factors of u(1).
2
Let y be -2 - (4 + -2 + -3). List the prime factors of (3/(-9))/(y/9).
3
Suppose -3*q + 3*d + 53 = -7, 0 = -q + 3*d + 30. Let z = q + -11. What are the prime factors of z?
2
Let k be (-96)/(-15) + (-3)/(-5). Suppose -2*c = 4*t - 16, 2*c - 6 - k = -3*t. What are the prime factors of t?
3
Let m(d) be the second derivative of d**5/5 - d**4/6 - d. What are the prime factors of m(2)?
2, 3
Let y be 56/(-4)*(-2)/4. Let c = y - 8. What are the prime factors of (c/2)/((-5)/160)?
2
Let h = 3 - -10. List the prime factors of h.
13
Let r(m) = -m**3 - 3*m**2 - 2*m + 1. Let w(v) = -v**3 - v + 1. Let p(t) = -r(t) + 2*w(t). Let b be p(3). What are the prime factors of 9/6*2/b?
3
Let u(b) be the second derivative of -7/6*b**3 + 5/2*b**2 - 7/12*b**4 - b - 1/20*b**5 + 0. List the prime factors of u(-6).
11
Let w be (1 + (-3 - -3))*2. Let m be -2 - (w - -12)*-3. Suppose -4*a = 2*i - m, 4*a - 5*i + 0*i - 54 = 0. What are the prime factors of a?
11
Let h be (6/(-4))/(((-5)/6)/5). Suppose 0 = 3*t - 1 - 5. Suppose c = t*c - h. List the prime factors of c.
3
Let v = -62 + 92. Suppose 0 = -2*f - 0*f + v. What are the prime factors of f?
3, 5
Let u be (3/6)/((-1)/(-8)). Let q(x) = x + 58. Let t be q(0). Suppose u*k - t = -14. List the prime factors of k.
11
Let y be 1*43 + (2 - 2). Let u = y + -72. Let t = u - -49. List the prime factors of t.
2, 5
Let t be 4 + (-9)/(-3) + -1. Suppose 0 = -p - p + t. Suppose -p*v = -5*m - 12 + 34, -5*m + 21 = -4*v. What are the prime factors of m?
5
Let j(n) be the third derivative of -2*n**2 + 1/6*n**3 + 1/12*n**4 + 0*n + 0. List the prime factors of j(6).
13
Suppose -4*i = 3*i - 588. List the prime factors of i.
2, 3, 7
Suppose 2*l - 6 = 0, 2*k - 5*l = -6*l + 27. Let w(b) = b**3 - 13*b**2 + 13*b + 10. List the prime factors of w(k).
2, 11
Let r = -8 + 13. Suppose -3*c = -r*c + 12. List the prime factors of c.
2, 3
Suppose 0 = -2*d - 4*n + 8 + 80, -3*d - 5*n = -127. List the prime factors of d + (-4 + 3)/1.
3, 11
Suppose 4*o - 1764 = -3*o. List the prime factors of o.
2, 3, 7
Suppose 7*k - 3*k = 0. Suppose -4*r + 5 = -s, k*r = -4*r + 8. List the prime factors of s.
3
Let v = 9 - 6. Let w = 7 - v. Suppose -55 = -w*t + 17. List the prime factors of t.
2, 3
Suppose 0 = -4*h + 33 + 15. Let x be (-3)/h*14*-10. Suppose 3 + x = 2*c. What are the prime factors of c?
19
What are the prime factors of (-46 + -16)/(-3 - -1)?
31
Suppose 0*m = -5*m + 10. Suppose -m + 6 = 2*n. What are the prime factors of -3 + 0 - (-10 + n)?
5
Let b be 4/22 - 4/22. Suppose -4*d + 16 + b = 0. What are the prime factors of d?
2
Suppose 4*u + 36 = -24. Let h = u + 22. What are the prime factors of h?
7
Suppose -3*f + 2*z = 5, -3*f - f + 3*z = 5. Let j = 12 - f. What are the prime factors of j?
17
Let n(h) = -2*h - 1. Let u be n(-3). Suppose -c - 112 = -u*p - 4*c, -3*p - 4*c + 65 = 0. List the prime factors of p.
23
Suppose 16*g = 661 + 27. What are the prime factors of g?
43
Let p(o) = 4*o**2 - 7*o + 8. What are the prime factors of p(4)?
2, 11
Let t(z) = -z - 3. Let r be t(-5). Suppose 0 = -r*m + 4*j, 0*j - 18 = -5*m + 4*j. List the prime factors of m.
2, 3
Let q = 73 + -20. What are the prime factors of q?
53
Let s be -2 + 3 + (-2)/(-1). Let g = 5 - s. Let r = 0 + g. List the prime factors of r.
2
Let b = -25 - -104. List the prime factors of b.
79
Let h(z) = 2*z**2 - 4*z - 15. List the prime factors of h(7).
5, 11
Suppose -2*g + 0*g - 989 = -5*a, 2*a + 4*g = 410. What are the prime factors of a?
199
Suppose 32 = -2*w + 6*w. What are the prime factors of w?
2
Let y(q) = -q. Let b be y(0). What are the prime factors of -5 - -6 - (-3 - b)?
2
What are the prime factors of 122 + 2 - (1 + -3)?
2, 3, 7
Suppose v = 2*v + 5*o - 84, 2*v - 2*o = 108. What are the prime factors of v?
59
Let q = -18 + 19. What are the prime factors of q + -1 + 4 - -42?
2, 23
Suppose 453 - 63 = 4*r + 2*n, -177 = -2*r + 5*n. List the prime factors of r.
2, 3
List the prime factors of -1*(-15)/5 - -39.
2, 3, 7
Let q = 1 + -5. Let b be 2*2*(-2)/q. Suppose b*g = -g + 6. List the prime factors of g.
2
Let v be 2/(2/3)*9. Let w = v - 18. List the prime factors of w.
3
Suppose w + 9 = -4*k + 44, -5*k - 5 = 0. What are the prime factors of w?
3, 13
Suppose 5*y - 7 = -3*l, -2*l + 16 - 6 = -2*y. Suppose l*t = 2*b - 48, 4*b + 3*t + 1 = 3*b. What are the prime factors of b?
2, 7
Suppose -k = -1, -58 = 5*r - 5*k - 163. Suppose -r = s + 4*o, -33 = 4*s + 5*o - 0*o. What are the prime factors of ((-12)/(-8))/((-1)/s)?
3
Let n(s) = s**3 + 4*s**2 - 3*s + 4. What are the prime factors of n(-4)?
2
Let o be ((-1)/2)/((-1)/(-42)). Let i be o/6*(3 - 5). Let w = i - -4. What are the prime factors of w?
11
Let i = 67 - 43. Let a be 5 - (-3 + 4) - 0. What are the prime factors of i/15*10/a?
2
Let j(o) = 2*o**2 + 4*o + 2. Suppose -3*g + 0*g = 6. Let q be j(g). Suppose 7*n = q*n + 65. What are the prime factors of n?
13
Suppose 0 = 4*j + 4, k + 25 = 4*j + 89. List the prime factors of k.
2, 3, 5
Suppose 0 = 3*s - 823 + 34. What are the prime factors of s?
263
Let k be ((-4)/(-5))/(2/5). Suppose 3*z - 15 = -k*z. List the prime factors of z.
3
List the prime factors of 1/(1/73) + -3.
2, 5, 7
Let f = -2476 - -1756. Let w be f/21 - 2/(-7). Let j = w - -47. What are the prime factors of j?
13
Suppose 5*j - j - 164 = 0. What are the prime factors of j?
41
Suppose 5*i = 4*i + 5. Let l = -18 - -30. Suppose -5*o = -2*z + 33, z - 17 - l = i*o. List the prime factors of z.
2
Suppose -11*k + 160 = -6*k. List the prime factors of k.
2
Suppose -5*n + 2*k + 246 = -0*n, 3*k = -n + 39. List the prime factors of n.
2, 3
Suppose 3 - 23 = -4*b. Suppose 44 = -b*r + 3*f, 0*f + 38 = -5*r + f. Let z(n) = -n**2 - 9*n - 4. List the prime factors of z(r).
2, 5
Let h(p) be the second derivative of 0 + 1/6*p**3 + 2*p + p**2. List the prime factors of h(4).
2, 3
Let b = -317 - -502. What are the prime factors of b?
5, 37
Let h = -1 + -8. Let r = -23 + 41. Let w = h + r. List the prime factors of w.
3
Suppose 2*a - 3*r = 4, -a + 5*r + 5 = 2*a. Let c(l) = -l**3 + 4*l**2 + 3*l - 4. Let p be c(a). Let m = 29 + p. List the prime factors of m.
3, 5
Suppose -6*q + 2*q - 40 = 0. Let f = q - -4. What are the prime factors of (-6)/(3*3/f)?
2
Suppose 2*m - 7 = u, -5*m = 2*u + 3*u - 10. Suppose -r = m*j + r, -4*r = -j. Suppose j = -4*z + 7 + 5. List the prime factors of z.
3
Let b(n) = -n**3 - n**2 - 2 + 0*n**3 + 4*n**2. Let r be b(2). Suppose r*k - k - 11 = 0. What are the prime factors of k?
11
Let h be (-38)/14 + (-12)/42. What are the prime factors of 3/6*(-102)/h?
17
Let h(x) = -31*x**3 + 1. Let a be h(-1). Let m = a - 19. List the prime factors of m.
13
Let f = -7 - -15. Let u = 11 - f. What are the prime factors of u?
3
Let g = -163 - -228. List the prime factors of g.
5, 13
Suppose 3*p = 61 + 8. What are the prime factors of p?
23
List the prime factors of ((-22)/4)/(5/(-50)).
5, 11
Suppose -2*z + 30 - 8 = 0. Let q = z + -5. List the prime factors of (-12)/(-7)*(q - -1).
2, 3
Let c be (-2)/6 - 3/(-9). Suppose -4*z - 7*t = -2*t - 1, c = 2*z + t + 1. List the prime factors of z + 8*(3 